t a(z) = z**3 + 4*z**2 - 10*z + 4. Give a(-6).
-8
Let q(v) = 18*v**2 + 1. What is q(-1)?
19
Let u(z) = -2*z - 2. Determine u(-9).
16
Let t(f) = -f**2 + 3*f + 3. Give t(-2).
-7
Let f(j) = j**2 + 5*j - 16. Give f(-8).
8
Let h(a) = -a**3 + 8*a**2 + 7*a - 11. Determine h(6).
103
Let p(i) = -2*i**2 + 17*i - 14. Determine p(4).
22
Let m(o) = o + 5. Determine m(-3).
2
Let f(l) = -12*l**3 + l**2 + 2*l + 2. Determine f(-1).
13
Let h(x) = 3*x**2 - 7*x + 9. What is h(7)?
107
Let f(c) = c - 71. Calculate f(40).
-31
Let x(g) = 2*g**2 - 3*g + 2. What is x(4)?
22
Let x(l) = l - 7. Give x(-4).
-11
Let p(x) = -6*x**3 + 26*x**2 - 5*x - 5. Determine p(4).
7
Let v(u) = 2*u - 23. Give v(8).
-7
Let v(w) = -w - 6. Give v(2).
-8
Let u(n) = -2*n**3 - 2*n**2 + 2*n + 2. Calculate u(-3).
32
Let n(s) = -s**2 + 18*s - 83. What is n(8)?
-3
Let m(b) = -b + 4. What is m(6)?
-2
Let d(w) = -82*w + 8. What is d(0)?
8
Let p(y) = y**3 - 14*y**2 - 15*y - 12. Calculate p(15).
-12
Let x(z) = z**2 - 3*z - 3. Determine x(4).
1
Let u(q) = -11*q + 41. Calculate u(5).
-14
Let h(z) = -z**3 + 2*z**2 - z - 11. What is h(4)?
-47
Let n(g) = g**2 - 4*g + 9. What is n(4)?
9
Let j(k) = k**2 + 18*k + 10. Give j(-19).
29
Let p(d) = -d - 33. Determine p(11).
-44
Let i(l) = -3*l**2 - 38*l - 32. Determine i(-12).
-8
Let o(l) = -l**2 + 7*l + 2. Determine o(6).
8
Let i(w) = 20*w - 129. Determine i(6).
-9
Let z(u) = 4*u + 11. Calculate z(6).
35
Let o(g) = g**2 - 12*g - 16. Give o(15).
29
Let l(z) = z**3 - 27*z**2 + 23*z + 54. Calculate l(26).
-24
Let u(b) = 9*b - 37. Give u(8).
35
Let r(k) = -8*k**2 + 5*k - 3. Calculate r(1).
-6
Let f(k) = 2*k**2 + 2*k - 1. What is f(6)?
83
Let d(s) = s**3 + 4*s**2 - s - 1. Give d(-5).
-21
Let l(v) = -v**3 + 15*v**2 - 16*v + 28. What is l(14)?
0
Let c(k) = 3*k - 6. Determine c(4).
6
Let g(k) = -k**2 + 12*k + 78. Give g(0).
78
Let q(p) = -p**3 - 35*p**2 - 42*p - 276. What is q(-34)?
-4
Let g(s) = -2*s**3 + s**2 - 6*s + 17. Calculate g(2).
-7
Let i(s) = -s**3 - 13*s**2 + 16*s + 27. What is i(-14)?
-1
Let v(o) = -o**3 + 6*o**2 + 9*o - 8. Calculate v(7).
6
Let b(l) = l**3 + 4*l**2 - 4*l + 2. What is b(-5)?
-3
Let p(l) = -l**3 - 6*l**2 + 4*l + 49. What is p(-5)?
4
Let r(h) = -h + 4. Determine r(1).
3
Let k(y) = y**2 - 8*y + 6. Calculate k(6).
-6
Let j(w) = 8*w + 51. Give j(-7).
-5
Let b(u) = 4*u**3 + u**2 + u - 1. Calculate b(1).
5
Let j(n) = -2*n - 4. Calculate j(-4).
4
Let o(g) = -g**3 + 3*g**2 - g + 1. Give o(2).
3
Let m(r) = 5*r - 92. Determine m(16).
-12
Let g(t) = -t**3 - 22*t**2 - t - 32. Calculate g(-22).
-10
Let a(m) = m**3 + 9*m**2 + 13*m + 15. What is a(-8)?
-25
Let f(h) = -2*h - 21. What is f(0)?
-21
Let l(y) = 3*y + 3. What is l(-1)?
0
Let a(g) = g**3 - 46*g**2 + 42*g + 130. Calculate a(45).
-5
Let q(u) = -13*u - 4. Give q(4).
-56
Let w(i) = i**2 + 6*i - 7. Give w(-8).
9
Let s(f) = -f - 41. Determine s(13).
-54
Let v(d) = d**2 - 5*d - 5. Calculate v(7).
9
Let y(g) = -g**3 - 15*g**2 + 31*g - 49. What is y(-17)?
2
Let j(p) = p**3 + 7*p**2 - 2*p - 3. Calculate j(-4).
53
Let u(v) = 10*v**2 + 7*v - 2. Determine u(1).
15
Let g(n) = -n**3 + 4*n**2 + 10*n - 4. Calculate g(6).
-16
Let r(f) = -52*f - 49. Determine r(-1).
3
Let m(g) = -g**2 + 2*g + 4. Give m(5).
-11
Let g(i) = -i**2 - 18*i - 27. Give g(-15).
18
Let w(h) = h**2 - 9*h + 4. Determine w(7).
-10
Let x(n) = -2*n**2 - 3*n + 1. Give x(-4).
-19
Let f(t) = -2*t**2 - 8*t + 3. Determine f(-5).
-7
Let h(x) = x**2 + 22*x + 66. Determine h(-4).
-6
Let s(l) = 11*l - 57. Give s(7).
20
Let w(c) = -c**3 + 7*c**2 - 3*c + 11. Calculate w(7).
-10
Let k(p) = -p**3 + 14*p**2 + 5*p + 1. Determine k(14).
71
Let a(h) = -42*h - 674. What is a(-16)?
-2
Let i(w) = w**2 + 18*w + 38. Calculate i(-14).
-18
Let o(h) = h**2 - h - 3. Determine o(-4).
17
Let g(i) = 2*i - 21. Give g(11).
1
Let p(y) = -2*y - 1. What is p(0)?
-1
Let y(q) = -q**3 + 8*q**2 - 4*q - 6. Give y(7).
15
Let g(u) = 3*u**2 - 5*u + 2. Calculate g(3).
14
Let r(f) = f + 4. Determine r(21).
25
Let w(i) = -i**2 + 9*i + 26. Give w(10).
16
Let j(h) = 23*h**3 - h**2 + 1. What is j(-1)?
-23
Let i(s) = -s**3 + 9*s**2 - 13*s - 9. Calculate i(8).
-49
Let y(s) = -s**3 - 9*s**2 - 4*s + 29. Calculate y(-8).
-3
Let l(f) = -26*f - 141. Determine l(-6).
15
Let r(w) = 6*w + 31. Calculate r(8).
79
Let w(d) = -2*d**2 + 24*d - 21. What is w(10)?
19
Let x(g) = -g**2 - 4*g + 8. Give x(-6).
-4
Let q(o) = 14*o + 12. Give q(-1).
-2
Let y(h) = 2*h**3 + 14*h**2 + 11*h - 13. What is y(-8)?
-229
Let m(a) = -13*a - 42. Give m(-4).
10
Let z(a) = -13*a + 49. Calculate z(4).
-3
Let a(y) = 39*y - 246. Give a(6).
-12
Let r(q) = 2*q**2 - q + 20. Give r(4).
48
Let j(o) = 2*o - 56. Determine j(28).
0
Let z(j) = -j**3 + j**2 - j + 62. Give z(0).
62
Let s(n) = -10*n + 29. Give s(-5).
79
Let s(g) = 8*g**2 - 8*g - 1. What is s(4)?
95
Let r(a) = 52*a - 2750. Determine r(53).
6
Let s(m) = -14*m - 9. Determine s(-1).
5
Let y(a) = -a**2 - 10*a - 19. Determine y(-8).
-3
Let m(k) = -6*k + 9. What is m(3)?
-9
Let l(p) = 6*p - 27. Calculate l(4).
-3
Let z(f) = 18*f - 225. What is z(11)?
-27
Let z(v) = 4*v + 2. What is z(2)?
10
Let r(w) = -w**2 - 6*w - 5. Determine r(-5).
0
Let l(t) = t**2 + 5*t - 13. Determine l(-6).
-7
Let a(r) = -5*r - 67. Determine a(-13).
-2
Let k(n) = -34*n**2 - 2*n - 4. Calculate k(2).
-144
Let k(d) = -2*d**2 - 18*d + 42. Determine k(-11).
-2
Let p(n) = -53*n + 1. Give p(2).
-105
Let k(q) = 6*q**2 - 4*q - 22. Calculate k(-2).
10
Let t(z) = -z**2 - z + 28. Give t(0).
28
Let v(a) = -24*a + 1. Determine v(-1).
25
Let q(f) = f**2 + 10*f - 118. What is q(7)?
1
Let d(b) = b**3 + 8*b**2 - 5*b + 30. Calculate d(-9).
-6
Let h(k) = -k**3 - k. Give h(2).
-10
Let w(d) = -d**3 - 73*d**2 + d + 74. Determine w(-73).
1
Let n(r) = -3*r**2 - r - 3. Determine n(-3).
-27
Let o(n) = n**3 - 4*n**2 - 19*n + 33. Give o(7).
47
Let v(i) = -6*i + 99. Give v(15).
9
Let s(n) = -n**3 - 7*n**2 - n + 6. Give s(-7).
13
Let t(x) = x**3 + 5*x**2 - 5*x - 10. What is t(-5)?
15
Let t(j) = j + 4. What is t(6)?
10
Let o(f) = -3*f**2 + 24*f + 63. Determine o(10).
3
Let a(v) = -23*v**3 + 2*v - 1. Give a(1).
-22
Let p(s) = s - 2. Give p(-4).
-6
Let o(f) = -f**2 - 16*f - 20. What is o(-10)?
40
Let k(a) = -6*a - 176. Determine k(-15).
-86
Let r(u) = 3*u**2 + 42*u - 5. Determine r(-14).
-5
Let k(q) = -2*q**2 + 61*q - 16. Determine k(30).
14
Let o(x) = -x**3 - 7*x**2 + 15*x + 14. Determine o(-8).
-42
Let u(f) = -f**3 - 8*f**2 - 6*f + 7. Determine u(-7).
0
Let c(a) = a**3 + 4*a**2 + 4*a + 2. What is c(-2)?
2
Let d(g) = g + 1. Determine d(-7).
-6
Let n(x) = 16*x**2 - 5*x + 1. Give n(2).
55
Let l(z) = z**3 + 4*z**2 + 1. Calculate l(-4).
1
Let a(t) = t**3 - 11*t**2 + t - 16. Determine a(11).
-5
Let r(w) = w**2 + 22*w + 120. Give r(-10).
0
Let u(j) = j**3 + 24*j**2 + 29*j + 102. What is u(-23)?
-36
Let q(x) = -x**3 - 7*x**2 - 6*x - 10. What is q(-7)?
32
Let v(t) = t**3 + 22*t**2 + 38*t - 52. Determine v(-20).
-12
Let m(l) = -l**2 - 11*l - 40. What is m(-7)?
-12
Let a(d) = -9*d**2 + 11*d + 8. Give a(2).
-6
Let b(v) = -2*v**2 + 5*v + 275. What is b(13)?
2
Let v(w) = -w**3 + 5*w**2 - w - 8. Determine v(6).
-50
Let o(j) = 9*j - 33. Give o(5).
12
Let z(o) = 3*o + 96. What is z(-26)?
18
Let t(w) = -5*w - 11. Determine t(7).
-46
Let x(v) = v**3 + v**2 - v - 3. Determine x(0).
-3
Let y(s) = 2*s - 35. Determine y(19).
3
Let k(n) = -30*n + 696. Determine k(23).
6
Let i(r) = 2*r**2 + 7*r - 5. Give i(-4).
-1
Let l(f) = -f**3 - 4*f**2 + f + 4. What is l(-5)?
24
Let l(x) = 5*x - 44. Calculate l(20).
56
Let v(g) = g**3 + 2*g**2 + 5*g + 4. Calculate v(-4).
-48
Let o(n) = n**2 + 21*n + 71. Determine o(-15).
-19
Let v(y) = -y**2 - 19*y + 24. What is v(-20)?
4
Let d(z) = -z**2 + 19*z - 27. Give d(18).
-9
Let u(i) = -i**2 - 4*i - 5. Calculate u(-4).
-5
Let i(c) = 19*c - 513. Determine i(27).
0
Let v(p) = -p**2 + 3*p + 7. Determine v(-3).
-11
Let g(d) = -d**3 + 2*d**2 - 2*d - 1. Give g(4).
-41
Let v(t) = -2*t**2 + 10*t - 7. Determine v(5).
-7
Let v(h) = 2*h + 12. What is v(-8)?
-4
Let c(a) = -a**3 - 13*a**2 - 16*a - 17. Determine c(-12).
31
Let f(a) = 25*a + 1. Calculate f(-1).
-24
Let j(c) = -7*c**2 + 16*c + 1. Determine j(5).
-94
Let l(x) = 4*x**2 + 28*x - 8. Calculate l(-7).
-8
Let l(t) = t**3 + 4*t**2 - 2*t + 2. What is l(-5)?
-13
Let c(b) = b**3 + 16*b**2 - 3*b -